{"id":12,"date":"2020-09-17T09:59:43","date_gmt":"2020-09-17T09:59:43","guid":{"rendered":"https:\/\/www.eikasia.es\/?post_type=product&#038;p=12"},"modified":"2021-08-09T19:24:24","modified_gmt":"2021-08-09T17:24:24","slug":"logos-polis-vol-ii","status":"publish","type":"product","link":"https:\/\/www.eikasia.es\/index.php\/producto\/logos-polis-vol-ii\/","title":{"rendered":"Logos y polis. Escritos de Santiago Glez. Escudero (Vol. II)"},"content":{"rendered":"<p>\u00cdndice<\/p>\n<ol>\n<li class=\"num\"><span>Lo \u039a\u03b9\u03bd\u03b7\u03c4\u03b9\u03ba\u03c9\u03c4\u03b5\u03c1\u03bf\u03bd del color en Plutarco, 2001<\/span> <span>7<\/span><\/li>\n<li class=\"num\"><span>Los s\u00edmiles de la comunicaci\u00f3n humana en Plat\u00f3n, 2001<\/span> <span>23<\/span><\/li>\n<li class=\"num\"><span>El miedo protector, 2002<\/span> <span>51<\/span><\/li>\n<li class=\"num\"><span>Las ra\u00edces del mal: el esquema de Plat\u00f3n, 2003<\/span> <span>97<\/span><\/li>\n<li class=\"num\"><span>El concepto aristot\u00e9lico de \u03b2\u03b9\u03b2\u03bb\u03b9\u03bf\u03b8\u03ae\u03ba\u03b7 y la actualizaci\u00f3n del t\u00e9rmino seg\u00fan Plutarco, 2003. Colaboraci\u00f3n con Juan J. Ria\u00f1o Alonso<\/span> <span>125<\/span><\/li>\n<li class=\"num\"><span>La representaci\u00f3n hom\u00e9rica en la anagn\u00f3risis de Arist\u00f3teles, 2003<\/span> <span>153<\/span><\/li>\n<li class=\"num\"><span>Plat\u00f3n y el cine, 2004<\/span> <span>187<\/span><\/li>\n<li class=\"num\"><span>La m\u00edmesis como medida en Arist\u00f3teles, 2004<\/span> <span>215<\/span><\/li>\n<li class=\"num\"><span>Una teor\u00eda de la acci\u00f3n en Arist\u00f3teles, 2005<\/span> <span>233<\/span><\/li>\n<li class=\"num\"><span>El tab\u00fa de lo corriente, 2005<\/span> <span>245<\/span><\/li>\n<li class=\"num\"><span>La influencia \u00f3rfica en el mito plat\u00f3nico de El Pol\u00edtico, 2005<\/span> <span>265<\/span><\/li>\n<li class=\"num\"><span>El tiempo de la utop\u00eda (in\u00e9dito), 200(6)?<\/span> <span>285<\/span><\/li>\n<li class=\"num\"><span>La tragedia del dolor, 2006<\/span> <span>295<\/span><\/li>\n<li class=\"num\"><span>El \u201cl\u00f3gos\u201d como fen\u00f3meno en Arist\u00f3teles, 2006<\/span> <span>321<\/span><\/li>\n<li class=\"num\"><span>El paradigma de El Pol\u00edtico en Plat\u00f3n, 2007<\/span> <span>337<\/span><\/li>\n<li class=\"num\"><span>Seres humanos y dem\u00e1s animales seg\u00fan Arist\u00f3teles, 2007<\/span> <span>361<\/span><\/li>\n<li class=\"num\"><span>La universalizaci\u00f3n de la tragedia en Hegel, 2007<\/span> <span>401<\/span><\/li>\n<li class=\"num\"><span>El concepto presocr\u00e1tico de vac\u00edo de acuerdo con la formulaci\u00f3n aristot\u00e9lica (in\u00e9dito)<\/span> <span>415<\/span><\/li>\n<li class=\"num\"><span>Bibliograf\u00eda general de los dos primeros vol\u00famenes<\/span> <span>429<\/span><\/li>\n<li class=\"num\"><span>Santiago Gonz\u00e1lez Escudero (biograf\u00eda)<\/span> <span>451<\/span><\/li>\n<li class=\"num\"><span>Tesis doctorales dirigidas por Santiago Gonz\u00e1lez Escudero<\/span> <span>453<\/span><\/li>\n<li class=\"num\"><span>Bibliograf\u00eda sobre Santiago Gonz\u00e1lez Escudero<\/span> <span>455<\/span><\/li>\n<li class=\"num\"><span>Textos y p\u00e1ginas web<\/span> <span>459<\/span><\/li>\n<li class=\"num\"><span>\u00cdndice vol. I<\/span> <span>461<\/span><\/li>\n<\/ol>\n","protected":false},"excerpt":{"rendered":"<p>ISBN: 978&nbsp;84&nbsp;15203&nbsp;51&nbsp;3<\/p>\n","protected":false},"featured_media":47,"template":"","meta":[],"product_brand":[],"product_cat":[17,20],"product_tag":[],"class_list":{"0":"post-12","1":"product","2":"type-product","3":"status-publish","4":"has-post-thumbnail","6":"product_cat-filosofia","7":"product_cat-historia-de-la-filosofia","9":"first","10":"instock","11":"featured","12":"taxable","13":"shipping-taxable","14":"purchasable","15":"product-type-simple"},"jetpack_sharing_enabled":true,"_links":{"self":[{"href":"https:\/\/www.eikasia.es\/index.php\/wp-json\/wp\/v2\/product\/12","targetHints":{"allow":["GET"]}}],"collection":[{"href":"https:\/\/www.eikasia.es\/index.php\/wp-json\/wp\/v2\/product"}],"about":[{"href":"https:\/\/www.eikasia.es\/index.php\/wp-json\/wp\/v2\/types\/product"}],"wp:featuredmedia":[{"embeddable":true,"href":"https:\/\/www.eikasia.es\/index.php\/wp-json\/wp\/v2\/media\/47"}],"wp:attachment":[{"href":"https:\/\/www.eikasia.es\/index.php\/wp-json\/wp\/v2\/media?parent=12"}],"wp:term":[{"taxonomy":"product_brand","embeddable":true,"href":"https:\/\/www.eikasia.es\/index.php\/wp-json\/wp\/v2\/product_brand?post=12"},{"taxonomy":"product_cat","embeddable":true,"href":"https:\/\/www.eikasia.es\/index.php\/wp-json\/wp\/v2\/product_cat?post=12"},{"taxonomy":"product_tag","embeddable":true,"href":"https:\/\/www.eikasia.es\/index.php\/wp-json\/wp\/v2\/product_tag?post=12"}],"curies":[{"name":"wp","href":"https:\/\/api.w.org\/{rel}","templated":true}]}}