{"id":205,"date":"2021-03-15T17:28:39","date_gmt":"2021-03-15T17:28:39","guid":{"rendered":"https:\/\/www.eikasia.es\/?post_type=product&#038;p=205"},"modified":"2024-10-02T10:21:57","modified_gmt":"2024-10-02T08:21:57","slug":"el-nacimiento-de-hera","status":"publish","type":"product","link":"https:\/\/www.eikasia.es\/index.php\/producto\/el-nacimiento-de-hera\/","title":{"rendered":"El nacimiento de Hera. Los or\u00edgenes de la Filosof\u00eda"},"content":{"rendered":"<p>Rom\u00e1n Garc\u00eda Fern\u00e1ndez (Corvera, 1961), doctor en filosof\u00eda con la tesis: Una teor\u00eda de la imagen y la publicidad en Plat\u00f3n (1998, publicada en 2001). Ha sido presidente de la Sociedad Asturiana de Filosof\u00eda (SAF) y es fundador y director del Consejo Editorial de Eikas\u00eda, Revista de Filosof\u00eda (2005). Ha participado en diversas obras colectivas sobre filosof\u00eda e historia de la filosof\u00eda como: Historia de la filosof\u00eda 2 (Paraninfo, 2023) y Prometeo: Filosof\u00eda (Eikas\u00eda, 2023). Es autor de diversos trabajos sobre pensadores como Plat\u00f3n, Descartes, Juan Poinsot o Hegel.<br \/>\nEste libro constituye la primera entrega de una tetralog\u00eda en torno al origen de la filosof\u00eda y su historia hasta el a\u00f1o 529. Los vol\u00famenes son: <a href=\"https:\/\/www.eikasia.es\/index.php\/producto\/el-nacimiento-de-hera\/\">El nacimiento de Hera: sobre los or\u00edgenes de la filosof\u00eda (2012)<\/a>; <a href=\"https:\/\/www.eikasia.es\/index.php\/producto\/el-triunfo-de-atenea\/\">El triunfo de Atenea: la filosof\u00eda cl\u00e1sica griega (2013)<\/a> y <a href=\"https:\/\/www.eikasia.es\/index.php\/producto\/el-asesinato-de-afrodita-pandemos-una-introduccion-al-helenismo-y-al-fin-de-la-filosofia\/\">El asesinato de Afrodita pandemos: las escuelas socr\u00e1ticas (2018).<\/a> <a href=\"https:\/\/www.eikasia.es\/index.php\/producto\/el-asesinato-de-afrodita-uranos-las-escuelas-helenisticas-la-filosofia-romana-los-inicios-del-cristianismo-y-el-fin-de-la-filosofia-antigua\/\">Vol. IV El asesinato de Afrodita Uranos. Las escuelas helen\u00edsticas, la filosof\u00eda romana, los inicios del cristianismo y el fin de la filosof\u00eda antigua (2024).<\/a><\/p>\n<p>Desde una perspectiva de fidelidad para con los textos se trata de dar una nueva interpretaci\u00f3n sin sesgo que, por motivos ideol\u00f3gicos, desconocimiento, mala fe, interpretaciones obsoletas o conjuras pol\u00edticas, han hecho de la historia de la filosof\u00eda un lugar com\u00fan de errores e interpretaciones interesadas.<\/p>\n<li class=\"no-topo\"><span>Introducci\u00f3n<\/span> <span>13<\/span><\/li>\n<li class=\"apartado\"><span>Cuestiones generales sobre la disciplina filos\u00f3fica<\/span> <span>19<\/span><\/li>\n<li class=\"apartado\"><span>Metodolog\u00eda de la Historia de la Filosof\u00eda<\/span> <span>27<\/span><\/li>\n<li class=\"apartado\"><span>Quaestio nominis<\/span> <span>31<\/span><\/li>\n<li class=\"apartado\"><span>La Historia de la Filosof\u00eda como disciplina hist\u00f3rica<\/span> <span>35<\/span><\/li>\n<li class=\"apartado\"><span>La Historia de la Filosof\u00eda como disciplina filos\u00f3fica<\/span> <span>47<\/span><\/li>\n<li class=\"apartado\"><span>Hacia una Historia de la Filosof\u00eda constructivista<\/span> <span>57<\/li>\n<li class=\"apartado\"><span>La g\u00e9nesis de la historia de la filosof\u00eda<\/span> <span>61<\/span><\/li>\n<li class=\"no-topo\">Los inicios de la filosof\u00eda antigua. Relaci\u00f3n mito, logos y sociedad<\/li>\n<li class=\"apartado\"><span>La notaci\u00f3n de los textos presocr\u00e1ticos<\/span> <span>75<\/span><\/li>\n<li class=\"apartado\"><span>Algunos t\u00e9rminos griegos relevantes para el concepto de \u00abnaturaleza\u00bb en los presocr\u00e1ticos<\/span> <span>77<\/span><\/li>\n<li class=\"apartado\"><span>Contexto social, Historia, escritura y filosof\u00eda<\/span> <span>81<\/span><\/li>\n<li class=\"apartado\"><span>Historia de Grecia y origen de la filosof\u00eda<\/span> <span>91<\/span><\/li>\n<li class=\"apartado\"><span>La significaci\u00f3n de la filosof\u00eda<\/span> <span>115<\/span><\/li>\n<li class=\"no-topo\">Educaci\u00f3n y cultura en la \u00e9poca arcaica. Homero y Hes\u00edodo<\/span><\/li>\n<li class=\"apartado\"><span>Homero<\/span> <span>121<\/span><\/li>\n<li class=\"apartado\"><span>Hes\u00edodo<\/span> <span>131<\/span><\/li>\n<li class=\"apartado\"><span>Los Siete Sabios<\/span> <span>139<\/span><\/li>\n<li class=\"no-topo\">La filosof\u00eda presocr\u00e1tica. Mito, filosof\u00eda y ciencia<\/span><\/li>\n<li class=\"apartado\"><span>La \u00abescuela\u00bb de Mileto. La crisis de la ideolog\u00eda<\/span> <span>149<\/span><\/li>\n<li class=\"apartado\"><span>Pit\u00e1goras y su Escuela. Filosof\u00eda, pol\u00edtica y matem\u00e1ticas<\/span> <span>203<\/span><\/li>\n<li class=\"apartado\"><span>El nuevo monismo pitagorizado. Her\u00e1clito y la escuela de Elea<\/span> <span>213<\/span><\/li>\n<li class=\"no-topo\">El pluralismo. La filosof\u00eda en su despliegue<\/span><\/li>\n<li class=\"apartado\"><span>Teor\u00eda de la sensaci\u00f3n<\/span> <span>258<\/span><\/li>\n<li class=\"apartado\"><span>La \u00e9tica \u00abpresocr\u00e1tica\u00bb de Dem\u00f3crito<\/span> <span>258<\/span><\/li>\n<li class=\"no-topo\">Bibliograf\u00eda y fuentes<\/span><\/li>\n<li class=\"no-topo\">Fuentes  para una Historia de la Filosof\u00eda  antigua<\/span> <span>263<\/span><\/li>\n<li class=\"apartado\"><span>Representantes<\/span> <span>263<\/span><\/li>\n<li class=\"apartado\"><span>Las fuentes de la Filosof\u00eda antigua<\/span> <span>265<\/span><\/li>\n<li class=\"apartado\"><span>Obras generales relacionadas con la filosof\u00eda antigua<\/span> <span>265<\/span><\/li>\n<li class=\"apartado\"><span>Fuentes, colecciones y series<\/span> <span>266<\/span><\/li>\n<li class=\"apartado\"><span>Fuentes historiogr\u00e1ficas antiguas<\/span> <span>267<\/span><\/li>\n<li class=\"apartado\"><span>Fuentes de la Filosof\u00eda Presocr\u00e1tica<\/span> <span>275<\/span><\/li>\n<li class=\"apartado\"><span>Obras generales, diccionarios, l\u00e9xicos y manuales de Historia de la Filosof\u00eda<\/span> <span>281<\/span><\/li>\n<li class=\"apartado\"><span>Sobre la Filosof\u00eda: \u00bfqu\u00e9 es Filosof\u00eda? y Did\u00e1ctica de la Filosof\u00eda<\/span> <span>286<\/span><\/li>\n<li class=\"apartado\"><span>Or\u00edgenes de la Filosof\u00eda. Mitolog\u00eda. Homero y Hes\u00edodo<\/span> <span>290<\/span><\/li>\n<li class=\"apartado\"><span>Bibliograf\u00eda citada<\/span> <span>299<\/span><\/li>\n<li class=\"apartado\"><span>\u00cdndice General de la obra<\/span> <span>307<\/span><\/li>\n","protected":false},"excerpt":{"rendered":"<p>Rom\u00e1n Garc\u00eda Fern\u00e1ndez (Corvera, 1961), doctor en filosof\u00eda con la tesis: Una teor\u00eda de la imagen y la publicidad en Plat\u00f3n (1998, publicada en 2001). Ha sido presidente de la Sociedad Asturiana de Filosof\u00eda (SAF) y es fundador y director del Consejo Editorial de Eikas\u00eda, Revista de Filosof\u00eda (2005). Ha participado en diversas obras colectivas [&hellip;]<\/p>\n","protected":false},"featured_media":207,"template":"","meta":[],"product_brand":[],"product_cat":[20],"product_tag":[],"class_list":{"0":"post-205","1":"product","2":"type-product","3":"status-publish","4":"has-post-thumbnail","6":"product_cat-historia-de-la-filosofia","8":"first","9":"instock","10":"taxable","11":"shipping-taxable","12":"purchasable","13":"product-type-simple"},"jetpack_sharing_enabled":true,"_links":{"self":[{"href":"https:\/\/www.eikasia.es\/index.php\/wp-json\/wp\/v2\/product\/205","targetHints":{"allow":["GET"]}}],"collection":[{"href":"https:\/\/www.eikasia.es\/index.php\/wp-json\/wp\/v2\/product"}],"about":[{"href":"https:\/\/www.eikasia.es\/index.php\/wp-json\/wp\/v2\/types\/product"}],"wp:featuredmedia":[{"embeddable":true,"href":"https:\/\/www.eikasia.es\/index.php\/wp-json\/wp\/v2\/media\/207"}],"wp:attachment":[{"href":"https:\/\/www.eikasia.es\/index.php\/wp-json\/wp\/v2\/media?parent=205"}],"wp:term":[{"taxonomy":"product_brand","embeddable":true,"href":"https:\/\/www.eikasia.es\/index.php\/wp-json\/wp\/v2\/product_brand?post=205"},{"taxonomy":"product_cat","embeddable":true,"href":"https:\/\/www.eikasia.es\/index.php\/wp-json\/wp\/v2\/product_cat?post=205"},{"taxonomy":"product_tag","embeddable":true,"href":"https:\/\/www.eikasia.es\/index.php\/wp-json\/wp\/v2\/product_tag?post=205"}],"curies":[{"name":"wp","href":"https:\/\/api.w.org\/{rel}","templated":true}]}}