{"id":2414,"date":"2023-09-12T00:34:30","date_gmt":"2023-09-11T22:34:30","guid":{"rendered":"https:\/\/www.eikasia.es\/?post_type=product&#038;p=2414"},"modified":"2026-02-26T12:36:18","modified_gmt":"2026-02-26T11:36:18","slug":"como-es-posible-la-felicidad-a-priori","status":"publish","type":"product","link":"https:\/\/www.eikasia.es\/index.php\/producto\/como-es-posible-la-felicidad-a-priori\/","title":{"rendered":"\u00bfC\u00f3mo es posible la felicidad a priori?"},"content":{"rendered":"<p>Tal vez el problema de la felicidad en Kant nos conduzca a la pol\u00edtica, puesto que en la \u00e9tica se le niega la funci\u00f3n fundamen-tal que le dieron las \u00e9ticas eudemonistas. Esta es la tesis que se explora en este libro, que puede considerarse una segunda parte de Imaginaci\u00f3n y felicidad en Kant (Eikas\u00eda, 2022). En el curso de la investigaci\u00f3n aparecen algunos de los conceptos relevantes de la filosof\u00eda pol\u00edtica de Kant vistos a una nueva luz: revoluci\u00f3n, cos-mopolitismo, tiran\u00eda, republicanismo, libertad. Esta nueva pers-pectiva se desprende del estudio de un concepto kantiano poco conocido, el de felicidad a priori, que aqu\u00ed intentamos rescatar e interpretar.<\/p>\n<p>Soledad Garc\u00eda Ferrer es germanista y doctora en filosof\u00eda por la Universidad Complutense de Madrid. Su investigaci\u00f3n est\u00e1 cen-trada en la metaf\u00edsica, la filosof\u00eda moderna alemana y la filosof\u00eda pol\u00edtica, muy especialmente en la obra de Kant, tanto en s\u00ed mis-ma como en su relaci\u00f3n con otros autores como Nietzsche, Fich-te, Deleuze y Heidegger. Entre otras publicaciones ha colaborado en el volumen colectivo \u00bfC\u00f3mo se hace una disertaci\u00f3n filos\u00f3fica? (Guillermo Escolar, 2021) y ha editado En torno a la fundaci\u00f3n de la Universidad de Berl\u00edn. Una controversia filos\u00f3fica (Guillermo Es-colar, 2022). Entre sus traducciones mencionaremos La revoluci\u00f3n filos\u00f3fica de Kant. Una breve gu\u00eda de la Cr\u00edtica de la raz\u00f3n pura de Yirmiyahu Yovel (Tecnos, 2021). Actualmente es presidenta de la Sociedad Asturiana de Filosof\u00eda.<\/p>\n<p>Este ejemplar se vende conjuntamente con Imaginaci\u00f3n y Felicidad en Kant, de la misma autora.<\/p>\n<p>Pude adquirirse la segunda edici\u00f3n en pdf <a href=\"https:\/\/www.eikasia.es\/internacional\/producto\/imaginacion-y-felicidad-en-kant\/ \u200e\">pinchando aqui.<\/a><\/p>\n","protected":false},"excerpt":{"rendered":"<p>Tal vez el problema de la felicidad en Kant nos conduzca a la pol\u00edtica, puesto que en la \u00e9tica se le niega la funci\u00f3n fundamen-tal que le dieron las \u00e9ticas eudemonistas. Esta es la tesis que se explora en este libro, que puede considerarse una segunda parte de Imaginaci\u00f3n y felicidad en Kant (Eikas\u00eda, 2022). [&hellip;]<\/p>\n","protected":false},"featured_media":2415,"template":"","meta":[],"product_brand":[],"product_cat":[17,20,21],"product_tag":[70,69,68],"class_list":{"0":"post-2414","1":"product","2":"type-product","3":"status-publish","4":"has-post-thumbnail","6":"product_cat-filosofia","7":"product_cat-historia-de-la-filosofia","8":"product_cat-libros","9":"product_tag-a-priori","10":"product_tag-felicidad","11":"product_tag-kant","13":"first","14":"instock","15":"taxable","16":"shipping-taxable","17":"purchasable","18":"product-type-simple"},"jetpack_sharing_enabled":true,"_links":{"self":[{"href":"https:\/\/www.eikasia.es\/index.php\/wp-json\/wp\/v2\/product\/2414","targetHints":{"allow":["GET"]}}],"collection":[{"href":"https:\/\/www.eikasia.es\/index.php\/wp-json\/wp\/v2\/product"}],"about":[{"href":"https:\/\/www.eikasia.es\/index.php\/wp-json\/wp\/v2\/types\/product"}],"wp:featuredmedia":[{"embeddable":true,"href":"https:\/\/www.eikasia.es\/index.php\/wp-json\/wp\/v2\/media\/2415"}],"wp:attachment":[{"href":"https:\/\/www.eikasia.es\/index.php\/wp-json\/wp\/v2\/media?parent=2414"}],"wp:term":[{"taxonomy":"product_brand","embeddable":true,"href":"https:\/\/www.eikasia.es\/index.php\/wp-json\/wp\/v2\/product_brand?post=2414"},{"taxonomy":"product_cat","embeddable":true,"href":"https:\/\/www.eikasia.es\/index.php\/wp-json\/wp\/v2\/product_cat?post=2414"},{"taxonomy":"product_tag","embeddable":true,"href":"https:\/\/www.eikasia.es\/index.php\/wp-json\/wp\/v2\/product_tag?post=2414"}],"curies":[{"name":"wp","href":"https:\/\/api.w.org\/{rel}","templated":true}]}}