{"id":2551,"date":"2024-03-24T23:31:26","date_gmt":"2024-03-24T22:31:26","guid":{"rendered":"https:\/\/www.eikasia.es\/?post_type=product&#038;p=2551"},"modified":"2024-04-22T22:19:10","modified_gmt":"2024-04-22T20:19:10","slug":"por-amor-al-arte","status":"publish","type":"product","link":"https:\/\/www.eikasia.es\/index.php\/producto\/por-amor-al-arte\/","title":{"rendered":"Por amor al arte"},"content":{"rendered":"<p>Ensayo de una gnoseolog\u00eda fenomenol\u00f3gica<br \/>\nRicardo S\u00e1nchez Ortiz de URbina<\/p>\n<p>Este libro, <em>Por amor al arte<\/em>, cierra una trilog\u00eda iniciada con <em>Estromatolot\u00eda<\/em> (Brumar\u00eda\/Eikasia)donde se analizaron los niveles fenomenol\u00f3gicos y se atendid\u00eda, sobre todo, al nivel intermedio frente a E. Husserl que privilegiar\u00e1 el nivel objetivo, y M. Richir que destaco el superior de la <em>Phantasia<\/em>. El segundo libro <em>Orden oculto<\/em> (Eikasia, 2021), se proyecto como el ensayo de una epistemolog\u00eda fenomenol\u00f3gica. En esta nueva propuesta las ciencias humanas est\u00e1n en la base y las ciencias naturales en su l\u00edmite; mientras que, seg\u00fan G. Bueno, las ciencias humanas est\u00e1n en el limite de las ciencias naturales.<br \/>\nLa tesis fundamental de <em>Por amor al arte<em> es el traslado de lo que Einstein descubri\u00f3 en la relatividad general y que Hilbert denomino <em>conocimientos impropios<em>, al estricto campo intencional, sin alusi\u00f3n alguna a lo eidetico matem\u00e1tico. En consecuencia, este campo no es un campo unificado como pretend\u00eda Einstein, sino un campo <em>conciliado<em> entre una zona propia, el lenguaje y otra forma impropia, el arte; de tal manera que esta \u00faltima zona es m\u00e1s potente y englobante de la primera. El arte asciende desde los objetos dise\u00f1ados y cierra su construcci\u00f3n como <em>atractor<em> del caos medio, cuando el artista productor tiene la primera experiencia est\u00e9tica en el nivel superior.<\/p>\n","protected":false},"excerpt":{"rendered":"<p>Ensayo de una gnoseolog\u00eda fenomenol\u00f3gica Ricardo S\u00e1nchez Ortiz de URbina Este libro, Por amor al arte, cierra una trilog\u00eda iniciada con Estromatolot\u00eda (Brumar\u00eda\/Eikasia)donde se analizaron los niveles fenomenol\u00f3gicos y se atendid\u00eda, sobre todo, al nivel intermedio frente a E. Husserl que privilegiar\u00e1 el nivel objetivo, y M. Richir que destaco el superior de la Phantasia. [&hellip;]<\/p>\n","protected":false},"featured_media":2554,"template":"","meta":[],"product_brand":[],"product_cat":[59,17],"product_tag":[97,96,98],"class_list":{"0":"post-2551","1":"product","2":"type-product","3":"status-publish","4":"has-post-thumbnail","6":"product_cat-contemporanea","7":"product_cat-filosofia","8":"product_tag-arte","9":"product_tag-estetica","10":"product_tag-fenomenologia","12":"first","13":"instock","14":"taxable","15":"shipping-taxable","16":"purchasable","17":"product-type-simple"},"jetpack_sharing_enabled":true,"_links":{"self":[{"href":"https:\/\/www.eikasia.es\/index.php\/wp-json\/wp\/v2\/product\/2551","targetHints":{"allow":["GET"]}}],"collection":[{"href":"https:\/\/www.eikasia.es\/index.php\/wp-json\/wp\/v2\/product"}],"about":[{"href":"https:\/\/www.eikasia.es\/index.php\/wp-json\/wp\/v2\/types\/product"}],"wp:featuredmedia":[{"embeddable":true,"href":"https:\/\/www.eikasia.es\/index.php\/wp-json\/wp\/v2\/media\/2554"}],"wp:attachment":[{"href":"https:\/\/www.eikasia.es\/index.php\/wp-json\/wp\/v2\/media?parent=2551"}],"wp:term":[{"taxonomy":"product_brand","embeddable":true,"href":"https:\/\/www.eikasia.es\/index.php\/wp-json\/wp\/v2\/product_brand?post=2551"},{"taxonomy":"product_cat","embeddable":true,"href":"https:\/\/www.eikasia.es\/index.php\/wp-json\/wp\/v2\/product_cat?post=2551"},{"taxonomy":"product_tag","embeddable":true,"href":"https:\/\/www.eikasia.es\/index.php\/wp-json\/wp\/v2\/product_tag?post=2551"}],"curies":[{"name":"wp","href":"https:\/\/api.w.org\/{rel}","templated":true}]}}