{"id":2783,"date":"2024-10-02T19:03:28","date_gmt":"2024-10-02T17:03:28","guid":{"rendered":"https:\/\/www.eikasia.es\/?post_type=product&#038;p=2783"},"modified":"2025-12-11T12:00:36","modified_gmt":"2025-12-11T11:00:36","slug":"estromatologia-teoria-de-los-niveles-fenomenologicos-pdf","status":"publish","type":"product","link":"https:\/\/www.eikasia.es\/index.php\/producto\/estromatologia-teoria-de-los-niveles-fenomenologicos-pdf\/","title":{"rendered":"Estromatolog\u00eda. Teor\u00eda de los niveles fenomenol\u00f3gicos PDF"},"content":{"rendered":"<p>Ricardo S\u00e1nchez Ortiz de Urbina<br \/>\nISBN 978-84-15203-86-5. Oviedo 2025. 501 pp.<\/p>\n<p>En la primera d\u00e9cada del pasado siglo, ocurren, en el seno de una ciencia f\u00edsica, por entonces orgullosamente consolidada, dos revoluciones de signo muy diferente pero complementarias y coincidentes en un punto: la impugnaci\u00f3n del infinito de la comunicaci\u00f3n instant\u00e1nea (primera relatividad), y la del infinito de la continuidad ilimitada (f\u00edsica cu\u00e1ntica). Con esta transformaci\u00f3n, todav\u00eda en curso, cesa una cosmovisi\u00f3n \u00abcl\u00e1sica\u00bb, y se inicia una nueva era intelectual, la de una cosmovisi\u00f3n ampliada.<\/p>\n<p>En paralelo con lo iniciado en las ciencias naturales, y por las mismas fechas, tiene lugar en la filosof\u00eda una revoluci\u00f3n por la que la filosof\u00eda cl\u00e1sica, de dominancia eid\u00e9tica (dominaci\u00f3n del infinito) se hace filosof\u00eda fenomenol\u00f3gica, de dominancia intencional (an\u00e1lisis de correlaciones finitas entre operaciones y s\u00edntesis).<\/p>\n<p>Ahora sabemos que esta ampliaci\u00f3n, la atenci\u00f3n cuidadosa a un fen\u00f3meno, que ya no es s\u00f3lo la antesala de una esencia, es, parad\u00f3jicamente, un \u00abretroceso\u00bb a un plano explicativo previo, \u00abpluripotente\u00bb, por utilizar un calificativo de lo que, parejamente, est\u00e1 sucediendo en la biolog\u00eda actual.<\/p>\n<p>En este libro, frente a los an\u00e1lisis cl\u00e1sicos de los niveles de la scala naturae, con lo humano como culminaci\u00f3n natural, se ensaya un an\u00e1lisis de los niveles \u00abcorrespondientes\u00bb de una escala fenomenol\u00f3gica que arranca de lo humano como realidad dada. Ideas fundamentales tales como las de subjetividad, temporalidad, espacialidad, significatividad o afectividad, quedan afectadas por esta nivelaci\u00f3n intencional.<\/p>\n<p>En especial, se denuncia la subordinaci\u00f3n de la vida intencional a las estructuras eid\u00e9ticas, e Incluso la supuesta continuidad entre ambas instancias, que conducir\u00eda al ahogamiento de la primera por la segunda, como plante\u00f3 insuficientemente Husserl en su \u00faltimo libro, la Krisis. Ahora sabemos que son dos Instancias de origen fenomenol\u00f3gico diferenciado. Quedan as\u00ed, al descubierto, las ra\u00edces filos\u00f3ficas del verdadero tema de nuestro tiempo, la explotaci\u00f3n del capital humano (Intencionalidad) por el capital especulativo (eid\u00e9tica), y la raz\u00f3n de fondo por la que la econom\u00eda (sin pol\u00edtica) es una ciencia l\u00fagubre, es decir, literalmente, \u00abque produce dolor\u00bb.<\/p>\n<p><a href=\"https:\/\/www.eikasia.es\/wp-content\/uploads\/2024\/10\/Matriz-Estromatologia2-1.jpg\">Matriz Fenomenologica de la Estromatolog\u00eda. Eikasia Ediciones.<\/a><\/p>\n<p><img loading=\"lazy\" decoding=\"async\" class=\"alignnone size-large wp-image-2819\" src=\"https:\/\/www.eikasia.es\/wp-content\/uploads\/2024\/10\/Matriz-Estromatologia2-1-1024x724.jpg\" alt=\"\" width=\"980\" height=\"693\" srcset=\"https:\/\/www.eikasia.es\/wp-content\/uploads\/2024\/10\/Matriz-Estromatologia2-1-1024x724.jpg 1024w, https:\/\/www.eikasia.es\/wp-content\/uploads\/2024\/10\/Matriz-Estromatologia2-1-300x212.jpg 300w, https:\/\/www.eikasia.es\/wp-content\/uploads\/2024\/10\/Matriz-Estromatologia2-1-768x543.jpg 768w, https:\/\/www.eikasia.es\/wp-content\/uploads\/2024\/10\/Matriz-Estromatologia2-1-1536x1086.jpg 1536w, https:\/\/www.eikasia.es\/wp-content\/uploads\/2024\/10\/Matriz-Estromatologia2-1-2048x1448.jpg 2048w, https:\/\/www.eikasia.es\/wp-content\/uploads\/2024\/10\/Matriz-Estromatologia2-1-416x294.jpg 416w\" sizes=\"auto, (max-width: 980px) 100vw, 980px\" \/><\/p>\n","protected":false},"excerpt":{"rendered":"<p>Ricardo S\u00e1nchez Ortiz de Urbina ISBN 978-84-15203-86-5. Oviedo 2025. 501 pp. En la primera d\u00e9cada del pasado siglo, ocurren, en el seno de una ciencia f\u00edsica, por entonces orgullosamente consolidada, dos revoluciones de signo muy diferente pero complementarias y coincidentes en un punto: la impugnaci\u00f3n del infinito de la comunicaci\u00f3n instant\u00e1nea (primera relatividad), y la [&hellip;]<\/p>\n","protected":false},"featured_media":2784,"template":"","meta":[],"product_brand":[],"product_cat":[59,120,17,86,87],"product_tag":[],"class_list":{"0":"post-2783","1":"product","2":"type-product","3":"status-publish","4":"has-post-thumbnail","6":"product_cat-contemporanea","7":"product_cat-fenomenologia","8":"product_cat-filosofia","9":"product_cat-libros-digitales","10":"product_cat-libros-en-pdf","12":"first","13":"instock","14":"downloadable","15":"taxable","16":"shipping-taxable","17":"purchasable","18":"product-type-simple"},"jetpack_sharing_enabled":true,"_links":{"self":[{"href":"https:\/\/www.eikasia.es\/index.php\/wp-json\/wp\/v2\/product\/2783","targetHints":{"allow":["GET"]}}],"collection":[{"href":"https:\/\/www.eikasia.es\/index.php\/wp-json\/wp\/v2\/product"}],"about":[{"href":"https:\/\/www.eikasia.es\/index.php\/wp-json\/wp\/v2\/types\/product"}],"wp:featuredmedia":[{"embeddable":true,"href":"https:\/\/www.eikasia.es\/index.php\/wp-json\/wp\/v2\/media\/2784"}],"wp:attachment":[{"href":"https:\/\/www.eikasia.es\/index.php\/wp-json\/wp\/v2\/media?parent=2783"}],"wp:term":[{"taxonomy":"product_brand","embeddable":true,"href":"https:\/\/www.eikasia.es\/index.php\/wp-json\/wp\/v2\/product_brand?post=2783"},{"taxonomy":"product_cat","embeddable":true,"href":"https:\/\/www.eikasia.es\/index.php\/wp-json\/wp\/v2\/product_cat?post=2783"},{"taxonomy":"product_tag","embeddable":true,"href":"https:\/\/www.eikasia.es\/index.php\/wp-json\/wp\/v2\/product_tag?post=2783"}],"curies":[{"name":"wp","href":"https:\/\/api.w.org\/{rel}","templated":true}]}}