{"id":379,"date":"2021-04-12T11:17:13","date_gmt":"2021-04-12T11:17:13","guid":{"rendered":"https:\/\/www.eikasia.es\/?post_type=product&#038;p=379"},"modified":"2022-07-22T18:34:18","modified_gmt":"2022-07-22T16:34:18","slug":"el-nacimiento-de-las-ciencias-filologicas","status":"publish","type":"product","link":"https:\/\/www.eikasia.es\/index.php\/producto\/el-nacimiento-de-las-ciencias-filologicas\/","title":{"rendered":"El nacimiento de las ciencias filol\u00f3gicas"},"content":{"rendered":"<p>Partimos en principio de un hecho corroborado por los datos que nos ofrece la experiencia, como es la multiplicidad de las ciencias humanas y la imposibilidad de reducci\u00f3n de unas a otras, bien sea a trav\u00e9s de esquemas antropol\u00f3gicos (una supuesta Antropolog\u00eda General que abarcar\u00eda todas las ciencias humanas, bajo esquemas previamente categorizados), bien sea a trav\u00e9s de unos supuestos esquemas semi\u00f3ticos, que configuraran una Semi\u00f3tica general que nos rindiera cuenta de las diferentes \u00e1reas de la actividad humana.<\/p>\n","protected":false},"excerpt":{"rendered":"<p>Partimos en principio de un hecho corroborado por los datos que nos ofrece la experiencia, como es la multiplicidad de las ciencias humanas y la imposibilidad de reducci\u00f3n de unas a otras, bien sea a trav\u00e9s de esquemas antropol\u00f3gicos (una supuesta Antropolog\u00eda General que abarcar\u00eda todas las ciencias humanas, bajo esquemas previamente categorizados), bien sea [&hellip;]<\/p>\n","protected":false},"featured_media":380,"template":"","meta":[],"product_brand":[],"product_cat":[17],"product_tag":[32],"class_list":{"0":"post-379","1":"product","2":"type-product","3":"status-publish","4":"has-post-thumbnail","6":"product_cat-filosofia","7":"product_tag-filologia","9":"first","10":"instock","11":"taxable","12":"shipping-taxable","13":"purchasable","14":"product-type-simple"},"jetpack_sharing_enabled":true,"_links":{"self":[{"href":"https:\/\/www.eikasia.es\/index.php\/wp-json\/wp\/v2\/product\/379","targetHints":{"allow":["GET"]}}],"collection":[{"href":"https:\/\/www.eikasia.es\/index.php\/wp-json\/wp\/v2\/product"}],"about":[{"href":"https:\/\/www.eikasia.es\/index.php\/wp-json\/wp\/v2\/types\/product"}],"wp:featuredmedia":[{"embeddable":true,"href":"https:\/\/www.eikasia.es\/index.php\/wp-json\/wp\/v2\/media\/380"}],"wp:attachment":[{"href":"https:\/\/www.eikasia.es\/index.php\/wp-json\/wp\/v2\/media?parent=379"}],"wp:term":[{"taxonomy":"product_brand","embeddable":true,"href":"https:\/\/www.eikasia.es\/index.php\/wp-json\/wp\/v2\/product_brand?post=379"},{"taxonomy":"product_cat","embeddable":true,"href":"https:\/\/www.eikasia.es\/index.php\/wp-json\/wp\/v2\/product_cat?post=379"},{"taxonomy":"product_tag","embeddable":true,"href":"https:\/\/www.eikasia.es\/index.php\/wp-json\/wp\/v2\/product_tag?post=379"}],"curies":[{"name":"wp","href":"https:\/\/api.w.org\/{rel}","templated":true}]}}