{"id":381,"date":"2021-04-20T13:08:14","date_gmt":"2021-04-20T11:08:14","guid":{"rendered":"https:\/\/www.eikasia.es\/?post_type=product&#038;p=381"},"modified":"2021-04-20T13:21:59","modified_gmt":"2021-04-20T11:21:59","slug":"felinus-una-historia-de-la-filosofia","status":"publish","type":"product","link":"https:\/\/www.eikasia.es\/index.php\/producto\/felinus-una-historia-de-la-filosofia\/","title":{"rendered":"Felinus: una historia de la Filosof\u00eda"},"content":{"rendered":"<p><strong>Esta historia de la filosof\u00eda en c\u00f3mic<\/strong> se ha propuesto discurrir dentro de un tono divertido sin renunciar a la veracidad de lo que se narra, con un ritmo gr\u00e1cil sin olvidarse de una densidad suficiente en los contenidos. El objetivo \u00faltimo a alcanzar ha sido llegar a fundir el humor con la misma seriedad del asunto en que estamos: la historia de las ideas.<\/p>\n<p>El personaje Felinus y su troupe, creaci\u00f3n conjunta de Silverio S\u00e1nchez Corredera y Mila Garc\u00eda P\u00e9rez, se propone contar la historia de la filosof\u00eda en c\u00f3mic desde dos perspectivas complementarias: 1. la de los datos hist\u00f3rico-filos\u00f3ficos serios y contrastados, poniendo en escena a los distintos fil\u00f3sofos y a las diferentes escuelas, y 2. la mirada de los gatos, que no es otra que la de los propios lectores, con las virtudes y los vicios de cada uno. Si hay una variada tipolog\u00eda de gatos es porque hay m\u00faltiples lectores. <\/p>\n<p>Felinus es un gato sabio. Siempre en compa\u00f1\u00eda de Po\u00e9ticus, Tur\u00edstica, Geom\u00e9trica, Emasculatus, Antropol\u00f3gica y otros muchos gatos y gatas. Tienen como misi\u00f3n viajar por la historia para vivir en directo lo que all\u00ed se ha pensado. Conocen y se mezclan con las vidas de S\u00f3crates, Plat\u00f3n, Arist\u00f3teles o Cicer\u00f3n. <\/p>\n<p>Los gatos y gatas representan nuestro presente, en el momento en que ingenua o apasionadamente quieren tomar el pulso a las ideas pasadas, aquellas que conforman nuestra civilizaci\u00f3n actual.<\/p>\n","protected":false},"excerpt":{"rendered":"<p>Esta historia de la filosof\u00eda en c\u00f3mic se ha propuesto discurrir dentro de un tono divertido sin renunciar a la veracidad de lo que se narra, con un ritmo gr\u00e1cil sin olvidarse de una densidad suficiente en los contenidos. El objetivo \u00faltimo a alcanzar ha sido llegar a fundir el humor con la misma seriedad [&hellip;]<\/p>\n","protected":false},"featured_media":371,"template":"","meta":[],"product_brand":[],"product_cat":[20],"product_tag":[31],"class_list":{"0":"post-381","1":"product","2":"type-product","3":"status-publish","4":"has-post-thumbnail","6":"product_cat-historia-de-la-filosofia","7":"product_tag-comic","9":"first","10":"instock","11":"taxable","12":"shipping-taxable","13":"purchasable","14":"product-type-simple"},"jetpack_sharing_enabled":true,"_links":{"self":[{"href":"https:\/\/www.eikasia.es\/index.php\/wp-json\/wp\/v2\/product\/381","targetHints":{"allow":["GET"]}}],"collection":[{"href":"https:\/\/www.eikasia.es\/index.php\/wp-json\/wp\/v2\/product"}],"about":[{"href":"https:\/\/www.eikasia.es\/index.php\/wp-json\/wp\/v2\/types\/product"}],"wp:featuredmedia":[{"embeddable":true,"href":"https:\/\/www.eikasia.es\/index.php\/wp-json\/wp\/v2\/media\/371"}],"wp:attachment":[{"href":"https:\/\/www.eikasia.es\/index.php\/wp-json\/wp\/v2\/media?parent=381"}],"wp:term":[{"taxonomy":"product_brand","embeddable":true,"href":"https:\/\/www.eikasia.es\/index.php\/wp-json\/wp\/v2\/product_brand?post=381"},{"taxonomy":"product_cat","embeddable":true,"href":"https:\/\/www.eikasia.es\/index.php\/wp-json\/wp\/v2\/product_cat?post=381"},{"taxonomy":"product_tag","embeddable":true,"href":"https:\/\/www.eikasia.es\/index.php\/wp-json\/wp\/v2\/product_tag?post=381"}],"curies":[{"name":"wp","href":"https:\/\/api.w.org\/{rel}","templated":true}]}}