{"id":564,"date":"2021-06-24T12:23:34","date_gmt":"2021-06-24T10:23:34","guid":{"rendered":"https:\/\/www.eikasia.es\/?post_type=product&#038;p=564"},"modified":"2021-09-14T12:09:07","modified_gmt":"2021-09-14T10:09:07","slug":"ford-y-el-sargento-negro-como-mito-tras-las-huellas-de-obama","status":"publish","type":"product","link":"https:\/\/www.eikasia.es\/index.php\/producto\/ford-y-el-sargento-negro-como-mito-tras-las-huellas-de-obama\/","title":{"rendered":"Ford y \u2018El Sargento Negro\u2019 como mito: tras las huellas de Obama"},"content":{"rendered":"<h2>\u00cdndice<\/h2>\n<ul>\n<li class=\"num\"><span>Citas<\/span> <span>7<\/span><\/li>\n<li class=\"num\"><span>Pr\u00f3logo<\/span> <span>9<\/span><\/li>\n<li class=\"num\"><span>Introducci\u00f3n<\/span> <span>19<\/span><\/li>\n<li class=\"num\"><span>Parte biogr\u00e1fica y documental sobre John Ford<\/span> <span>31<\/span><\/li>\n<li class=\"num\"><span>Cap\u00edtulo 1. Introducci\u00f3n biogr\u00e1fica y filmogr\u00e1fica a John Ford<\/span> <span>33<\/span><\/li>\n<li class=\"num\"><span>Cap\u00edtulo 2. Sobre la experiencia militar de John Ford<\/span> <span>65<\/span><\/li>\n<li class=\"num\"><span>Cap\u00edtulo 3. Par\u00e9ntesis sobre la experiencia pol\u00edtica de John Ford<\/span> <span>87<\/span><\/li>\n<li class=\"num\"><span>Parte sociol\u00f3gica e hist\u00f3rica. Contextos de la pel\u00edcula<\/span> <span>107<\/span><\/li>\n<li class=\"num\"><span>Cap\u00edtulo 4. Los estereotipos negros en el cine estadounidense. Desde sus or\u00edgenes hasta 1960<\/span> <span>109<\/span><\/li>\n<li class=\"num\"><span>Cap\u00edtulo 5. Hollywood a finales de los a\u00f1os cincuenta. Sobre el entorno cinematogr\u00e1fico de Sergeant Rutledge (El Sargento Negro, 1960)<\/span> <span>137<\/span><\/li>\n<li class=\"num\"><span>Cap\u00edtulo 6. \u00bfQui\u00e9nes eran los \u00abBuffalo Soldiers\u00bb?<\/span> <span>159<\/span><\/li>\n<li class=\"num\"><span>Cap\u00edtulo 7. Los afroamericanos y su lucha por los derechos civiles en EE.UU.<\/span> <span>169<\/span><\/li>\n<li class=\"num\"><span>Parte t\u00e9cnica, art\u00edstica y cr\u00edtica de Sergeant Rutledge (John Ford, 1960)<\/span> <span>201<\/span><\/li>\n<li class=\"num\"><span>Cap\u00edtulo 8. Ficha t\u00e9cnica y art\u00edstica de la pel\u00edcula Sergeant Rutledge (El Sargento Negro, 1960) de John Ford<\/span> <span>203<\/span><\/li>\n<li class=\"num\"><span>Cap\u00edtulo 9. Cartel original y dem\u00e1s material gr\u00e1fico y sonoro de Sergeant Rutledge (1960): Breve comentario<\/span> <span>221<\/span><\/li>\n<li class=\"num\"><span>Cap\u00edtulo 10. Sergeant Rutledge (El Sargento Negro, 1960) ante la cr\u00edtica<\/span> <span>235<\/span><\/li>\n<li class=\"num\"><span>Parte doctrinal o espec\u00edficamente filos\u00f3fica<\/span> <span>297<\/span><\/li>\n<li class=\"num\"><span>Cap\u00edtulo 11. El problema de la oralidad en el mundo griego<\/span> <span>299<\/span><\/li>\n<li class=\"num\"><span>Cap\u00edtulo 12. \u00bfQu\u00e9 entendemos por mito?<\/span> <span>371<\/span><\/li>\n<li class=\"num\"><span>Cap\u00edtulo 13. El banquete como \u00abMythos\u00bb y como construcci\u00f3n de un h\u00e9roe<\/span> <span>417<\/span><\/li>\n<li class=\"num\"><span>Cap\u00edtulo 14. Sergeant Rutledge (El Sargento Negro, 1960): un estudio filos\u00f3fico<\/span> <span>445<\/span><\/li>\n<li class=\"num\"><span>Cap\u00edtulo 15. Conclusiones y cuestiones abiertas<\/span> <span>555<\/span><\/li>\n<li class=\"num\"><span>Documentaci\u00f3n<\/span> <span>573<\/span><\/li>\n<li class=\"num\"><span>Filmograf\u00eda<\/span> <span>575<\/span><\/li>\n<li class=\"num\"><span>Bibliograf\u00eda<\/span> <span>579<\/span><\/li>\n<\/ol>\n","protected":false},"excerpt":{"rendered":"<p>\u00cdndice Citas 7 Pr\u00f3logo 9 Introducci\u00f3n 19 Parte biogr\u00e1fica y documental sobre John Ford 31 Cap\u00edtulo 1. Introducci\u00f3n biogr\u00e1fica y filmogr\u00e1fica a John Ford 33 Cap\u00edtulo 2. Sobre la experiencia militar de John Ford 65 Cap\u00edtulo 3. Par\u00e9ntesis sobre la experiencia pol\u00edtica de John Ford 87 Parte sociol\u00f3gica e hist\u00f3rica. Contextos de la pel\u00edcula 107 [&hellip;]<\/p>\n","protected":false},"featured_media":571,"template":"","meta":[],"product_brand":[],"product_cat":[17],"product_tag":[43,36],"class_list":{"0":"post-564","1":"product","2":"type-product","3":"status-publish","4":"has-post-thumbnail","6":"product_cat-filosofia","7":"product_tag-cine","8":"product_tag-etica","10":"first","11":"instock","12":"taxable","13":"shipping-taxable","14":"purchasable","15":"product-type-simple"},"jetpack_sharing_enabled":true,"_links":{"self":[{"href":"https:\/\/www.eikasia.es\/index.php\/wp-json\/wp\/v2\/product\/564","targetHints":{"allow":["GET"]}}],"collection":[{"href":"https:\/\/www.eikasia.es\/index.php\/wp-json\/wp\/v2\/product"}],"about":[{"href":"https:\/\/www.eikasia.es\/index.php\/wp-json\/wp\/v2\/types\/product"}],"wp:featuredmedia":[{"embeddable":true,"href":"https:\/\/www.eikasia.es\/index.php\/wp-json\/wp\/v2\/media\/571"}],"wp:attachment":[{"href":"https:\/\/www.eikasia.es\/index.php\/wp-json\/wp\/v2\/media?parent=564"}],"wp:term":[{"taxonomy":"product_brand","embeddable":true,"href":"https:\/\/www.eikasia.es\/index.php\/wp-json\/wp\/v2\/product_brand?post=564"},{"taxonomy":"product_cat","embeddable":true,"href":"https:\/\/www.eikasia.es\/index.php\/wp-json\/wp\/v2\/product_cat?post=564"},{"taxonomy":"product_tag","embeddable":true,"href":"https:\/\/www.eikasia.es\/index.php\/wp-json\/wp\/v2\/product_tag?post=564"}],"curies":[{"name":"wp","href":"https:\/\/api.w.org\/{rel}","templated":true}]}}