{"id":759,"date":"2021-08-19T13:01:47","date_gmt":"2021-08-19T11:01:47","guid":{"rendered":"https:\/\/www.eikasia.es\/?post_type=product&#038;p=759"},"modified":"2024-02-19T19:36:31","modified_gmt":"2024-02-19T18:36:31","slug":"jose-gaos-y-la-filosofia-coetanea","status":"publish","type":"product","link":"https:\/\/www.eikasia.es\/index.php\/producto\/jose-gaos-y-la-filosofia-coetanea\/","title":{"rendered":"Jos\u00e9 Gaos y la filosof\u00eda coet\u00e1nea &#8211; Libro en PDF"},"content":{"rendered":"","protected":false},"excerpt":{"rendered":"<p>Libro descargable en pdf<\/p>\n<p style=\"text-align: center; font-weight: bold;\">\u00cdndice<\/p>\n<ul>\n<li class=\"no-topo\"><span>Introducci\u00f3n biogr\u00e1fica<\/span> <span>5<\/span><\/li>\n<li class=\"no-topo\"><span>Los aconteceres de la filosof\u00eda<\/span> <span>15<\/span><\/li>\n<li class=\"no-topo\"><span>Algunos aspectos de las relaciones de Salmer\u00f3n con su maestro J. Gaos<\/span> <span>17<\/span><\/li>\n<li class=\"no-topo\"><span>Filosof\u00eda, educaci\u00f3n y \u00e9tica<\/span> <span>18<\/span><\/li>\n<li class=\"no-topo\"><span>Antropolog\u00eda y Antroposof\u00eda<\/span> <span>24<\/span><\/li>\n<li class=\"no-topo\"><span>La filosof\u00eda espa\u00f1ola y el exilio<\/span> <span>27<\/span><\/li>\n<li class=\"no-topo\"><span>La reflexi\u00f3n filos\u00f3fica sobre la filosof\u00eda<\/span> <span>30<\/span><\/li>\n<li class=\"no-topo\"><span>Los transterrados espa\u00f1oles de la filosof\u00eda en M\u00e9xico<\/span> <span>33<\/span><\/li>\n<li class=\"no-topo\"><span>An\u00e1lisis de la mano y el tiempo en la filosof\u00eda de Gaos<\/span> <span>34<\/span><\/li>\n<li class=\"no-topo\"><span>Interpretaciones de la Filosof\u00eda griega<\/span> <span>44<\/span><\/li>\n<li class=\"no-topo\"><span>\u00bfPor qu\u00e9 estudiar la historia de la Filosof\u00eda?<\/span> <span>47<\/span><\/li>\n<li class=\"no-topo\"><span>La Filosof\u00eda griega<\/span> <span>49<\/span><\/li>\n<li class=\"no-topo\"><span>La Filosof\u00eda de Maim\u00f3nides<\/span> <span>49<\/span><\/li>\n<li class=\"no-topo\"><span>La concepci\u00f3n del tiempo<\/span> <span>53<\/span><\/li>\n<li class=\"no-topo\"><span>La Filosof\u00eda de Leopoldo Zea<\/span> <span>56<\/span><\/li>\n<li class=\"no-topo\"><span>E. Nicol: caracteres del m\u00e9todo fenomenol\u00f3gico<\/span> <span>59<\/span><\/li>\n<li class=\"no-topo\"><span>Nicol: meditaci\u00f3n sobre la filosof\u00eda<\/span> <span>60<\/span><\/li>\n<li class=\"no-topo\"><span>El problema de la empat\u00eda<\/span> <span>61<\/span><\/li>\n<li class=\"no-topo\"><span>Consideraciones fenomenol\u00f3gicas sobre el ego<\/span> <span>64<\/span><\/li>\n<li class=\"no-topo\"><span>Del Yo en el pensamiento de Schelling<\/span> <span>66<\/span><\/li>\n<li class=\"no-topo\"><span>La presencia de Ortega y Gasset<\/span> <span>67<\/span><\/li>\n<li class=\"no-topo\"><span>La formaci\u00f3n filos\u00f3fica de Ortega<\/span> <span>68<\/span><\/li>\n<li class=\"no-topo\"><span>El lenguaje de Ortega<\/span> <span>69<\/span><\/li>\n<li class=\"no-topo\"><span>El objetivismo de Ortega<\/span> <span>70<\/span><\/li>\n<li class=\"no-topo\"><span>El perspectivismo de Ortega<\/span> <span>71<\/span><\/li>\n<li class=\"no-topo\"><span>El racionalismo de Ortega<\/span> <span>71<\/span><\/li>\n<li class=\"no-topo\"><span>La naturaleza hist\u00f3rica del hombre en Ortega<\/span> <span>72<\/span><\/li>\n<li class=\"no-topo\"><span>La est\u00e9tica de Ortega<\/span> <span>73<\/span><\/li>\n<li class=\"no-topo\"><span>La filosof\u00eda de Juan David Garc\u00eda Bacca<\/span> <span>74<\/span><\/li>\n<li class=\"no-topo\"><span>Notas sobre el pensamiento de Hegel<\/span> <span>78<\/span><\/li>\n<li class=\"no-topo\"><span>Hegel: cr\u00edtica del formalismo y del ideal matem\u00e1tico<\/span> <span>87<\/span><\/li>\n<li class=\"no-topo\"><span>Eli de Gortari y la ciencia de la filosof\u00eda<\/span> <span>88<\/span><\/li>\n<li class=\"no-topo\"><span>Notas sobre Goethe<\/span> <span>90<\/span><\/li>\n<li class=\"no-topo\"><span>Notas sobre el personalismo \u00e9tico de Von Hildebrand<\/span> <span>91<\/span><\/li>\n<li class=\"no-topo\"><span>El cuerpo y la pasi\u00f3n<\/span> <span>92<\/span><\/li>\n<li class=\"no-topo\"><span>Notas sobre Wenceslao Roces<\/span> <span>94<\/span><\/li>\n<li class=\"no-topo\"><span>Notas sobre Antonio Mill\u00e1n Puelles<\/span> <span>97<\/span><\/li>\n<li class=\"no-topo\"><span>Notas sobre Alejandro Tomasini Bassols<\/span> <span>100<\/span><\/li>\n<li class=\"no-topo\"><span>Notas sobre Zubiri<\/span> <span>102<\/span><\/li>\n<li class=\"no-topo\"><span>Zubiri: la inteligencia sentiente<\/span> <span>104<\/span><\/li>\n<li class=\"no-topo\"><span>Zubiri: dimensiones de la realidad humana<\/span> <span>105<\/span><\/li>\n<li class=\"no-topo\"><span>El realismo zubiriano<\/span> <span>106<\/span><\/li>\n<li class=\"no-topo\"><span>Vigencia de la filosof\u00eda zubiriana<\/span> <span>107<\/span><\/li>\n<li class=\"no-topo\"><span>Seminario de investigaci\u00f3n de Xavier Zubiri<\/span> <span>108<\/span><\/li>\n<li class=\"no-topo\"><span>Bibliograf\u00eda<\/span> <span>112<\/span><\/li>\n<\/ul>\n","protected":false},"featured_media":757,"template":"","meta":[],"product_brand":[],"product_cat":[17,20,86,87],"product_tag":[],"class_list":{"0":"post-759","1":"product","2":"type-product","3":"status-publish","4":"has-post-thumbnail","6":"product_cat-filosofia","7":"product_cat-historia-de-la-filosofia","8":"product_cat-libros-digitales","9":"product_cat-libros-en-pdf","11":"first","12":"instock","13":"downloadable","14":"taxable","15":"shipping-taxable","16":"purchasable","17":"product-type-simple"},"jetpack_sharing_enabled":true,"_links":{"self":[{"href":"https:\/\/www.eikasia.es\/index.php\/wp-json\/wp\/v2\/product\/759","targetHints":{"allow":["GET"]}}],"collection":[{"href":"https:\/\/www.eikasia.es\/index.php\/wp-json\/wp\/v2\/product"}],"about":[{"href":"https:\/\/www.eikasia.es\/index.php\/wp-json\/wp\/v2\/types\/product"}],"wp:featuredmedia":[{"embeddable":true,"href":"https:\/\/www.eikasia.es\/index.php\/wp-json\/wp\/v2\/media\/757"}],"wp:attachment":[{"href":"https:\/\/www.eikasia.es\/index.php\/wp-json\/wp\/v2\/media?parent=759"}],"wp:term":[{"taxonomy":"product_brand","embeddable":true,"href":"https:\/\/www.eikasia.es\/index.php\/wp-json\/wp\/v2\/product_brand?post=759"},{"taxonomy":"product_cat","embeddable":true,"href":"https:\/\/www.eikasia.es\/index.php\/wp-json\/wp\/v2\/product_cat?post=759"},{"taxonomy":"product_tag","embeddable":true,"href":"https:\/\/www.eikasia.es\/index.php\/wp-json\/wp\/v2\/product_tag?post=759"}],"curies":[{"name":"wp","href":"https:\/\/api.w.org\/{rel}","templated":true}]}}