{"id":957,"date":"2021-09-14T10:58:56","date_gmt":"2021-09-14T08:58:56","guid":{"rendered":"https:\/\/www.eikasia.es\/?post_type=product&#038;p=957"},"modified":"2022-06-03T21:04:40","modified_gmt":"2022-06-03T19:04:40","slug":"guerras-de-la-memoria","status":"publish","type":"product","link":"https:\/\/www.eikasia.es\/index.php\/producto\/guerras-de-la-memoria\/","title":{"rendered":"Guerras de la memoria y fantasmas del pasado. Usos y abusos de la memoria colectiva"},"content":{"rendered":"<p style=\"text-align: center;\"><strong>\u00cdndice general<\/strong><\/p>\n<p>Presentaci\u00f3n: la actualidad de un debate<\/p>\n<p><strong>Primera parte. Memoria colectiva: posibilidades y l\u00edmites de una noci\u00f3n controvertida<\/strong><\/p>\n<p>1. La larga gestaci\u00f3n de un concepto<br \/>\nEntre Lethe y Mnemosyne: memoria, mito, Filosof\u00eda, Historia y Ret\u00f3rica en el mundo cl\u00e1sico.<br \/>\nPervivencias y cambios de la herencia cl\u00e1sica: trayectos medievales y atisbos modernos.<br \/>\nLos antecedentes inmediatos del concepto de memoria colectiva.<br \/>\nHalbwachs: los marcos sociales de la memoria.<br \/>\nLenguaje y lugares de la memoria.<br \/>\nMemoria colectiva y memoria hist\u00f3rica.<\/p>\n<p>2. La noci\u00f3n de memoria colectiva se incorpora a la Historia<br \/>\nUna dilatada traves\u00eda.<br \/>\nMemoria, hermen\u00e9utica y postmodernidad.<br \/>\nPar\u00e9ntesis sobre memoria e ideolog\u00eda: las v\u00edas abiertas y escasamente exploradas de la tradici\u00f3n marxista.<br \/>\nLos estudios recientes: un balance apresurado.<\/p>\n<p>3. (Re)construyendo el concepto<br \/>\nMemoria e Historia: unas relaciones complejas.<br \/>\nLa memoria hist\u00f3rica: ambigu\u0308edades y polisemia de un concepto.<br \/>\nEl car\u00e1cter supraindividual de la memoria: variantes terminol\u00f3gicas.<br \/>\nLos rasgos cardinales de la memoria colectiva.<\/p>\n<p>4. Las sinapsis de la memoria colectiva. La Historia como alimento de la memoria<br \/>\nVectores del recuerdo y lugares de memoria.<br \/>\nAgentes de la memoria.<br \/>\n\u00bfSirve la Historia para crear memoria?<br \/>\nLa Historia en la escuela.<\/p>\n<p>5. Monumentos, marcas, ritos y ceremonias<br \/>\nMuseos y musealizaci\u00f3n.<br \/>\nMonumentos y entornos monumentales.<br \/>\nLa toponimia urbana.<br \/>\nRitos, fiestas, ceremonias. La conmemoraci\u00f3n liberal.<br \/>\nNazismo, fascismo, franquismo: memoria y religi\u00f3n pol\u00edtica.<br \/>\nContra-memoria, conflictos y espacios de resistencia.<\/p>\n<p>6. Las narrativas de la memoria: testimonios, autobiograf\u00edas, cine y literatura<br \/>\nTestimonios, relatos de vida, tradici\u00f3n oral.<br \/>\nMemorias, autobiograf\u00edas y \u201cescrituras del yo\u201d.<br \/>\nMemoria y novela.<br \/>\nCine y memoria.<\/p>\n<p><strong>Segunda parte. Combates por el Pasado y Conflictos de la Memoria<\/strong><\/p>\n<p>7. La memoria como imperativo \u00e9tico y pol\u00edtico: el deber de memoria<br \/>\nComponentes acad\u00e9micos y mundanos de la memoria colectiva.<br \/>\nEl imperativo pol\u00edtico de memoria y la tradici\u00f3n marxista. Benjamin contra Marx.<br \/>\nHolocausto e imperativo \u00e9tico. El deber de memoria.<br \/>\n\u00bfSatisfacer con Historia la demanda de memoria?<\/p>\n<p>8. Trauma y memoria. Usos y abusos del Holocausto<br \/>\nTrauma, memoria y Holocausto.<br \/>\nEl largo silencio de la guerra y la inmediata postguerra.<br \/>\nAmericanizaci\u00f3n y universalizaci\u00f3n del Holocausto.<br \/>\nLos m\u00faltiples usos del Holocausto.<\/p>\n<p>9. Memoria de la Resistencia antifascista: el caso de Italia<br \/>\nLa crisis del \u201cparadigma antifascista\u201d.<br \/>\nDe la Guerra Fr\u00eda a la canonizaci\u00f3n.<br \/>\nEl \u201casalto\u201d al antifascismo.<\/p>\n<p>10. Un mundo invadido por la memoria: la Europa postsocialista<br \/>\nLa memoria del comunismo real.<br \/>\nLa Uni\u00f3n Sovi\u00e9tica, de la desestalinizaci\u00f3n y el deshielo a la Perestroika.<br \/>\nLa memoria colectiva en la Rusia post-socialista.<br \/>\nAjustes de cuentas con el pasado y pol\u00edticas de memoria en las antiguas democracias populares de Europa centro-oriental: algunos cambios recientes.<\/p>\n<p>11. Memoria, justicia y batallas contra la impunidad: el Cono Sur de Am\u00e9rica Latina<br \/>\nArgentina: la larga y contradictoria batalla contra la impunidad.<br \/>\nChile: la democracia controlada.<br \/>\nUruguay: las secuelas del \u201cgran encierro\u201d.<br \/>\nRasgos y elementos comparativos de los distintos casos.<\/p>\n<p>12. El colonialismo: \u00bfuna memoria dual?<br \/>\n\u00bfMemoria o memorias coloniales?<br \/>\nColonizaci\u00f3n y descolonizaci\u00f3n del pasado.<br \/>\nUn ejemplo de resurgencia: olvido y memoria de la esclavitud.<br \/>\nMemorias coloniales controvertidas: el caso de Argelia.<br \/>\nDe nuevo la \u201ccarga del hombre blanco\u201d: pervivencia o retorno del orgullo imperial en Occidente.<\/p>\n<p>13. Memoria nacional, mitos nacionales y guerras de la memoria: de Estados Unidos a Jap\u00f3n<br \/>\nMemoria colectiva y comunidades imaginadas.<br \/>\nEstados Unidos: memoria nacional y mitos nacionales.<br \/>\nUn ejemplo de memorias nacionales confrontadas: revisionismo japon\u00e9s versus nacionalismo chino.<\/p>\n<p>14. Fantasmas del pasado en la Vieja Europa. De Francia a Alemania<br \/>\nGuerras franco-francesas de la memoria.<br \/>\nAlemania: memoria del nazismo, querellas de historiadores e identidad nacional.<\/p>\n<p>15. Israel: memoria nacional y memoria colonial<br \/>\nUn espacio compartido, una historia confrontada.<br \/>\nUna tierra sin pueblo para un pueblo sin tierra.<br \/>\nDavid frente a Goliath: el s\u00edndrome de Masada y los abusos del Holocausto.<br \/>\nSionismo y postsionismo: \u00bfLa quiebra del negacionismo israel\u00ed?<\/p>\n<p>16. El debate sobre la memoria hist\u00f3rica en Espa\u00f1a<br \/>\nDe la memoria de confrontaci\u00f3n a la reconciliaci\u00f3n.<br \/>\nTransici\u00f3n, pacto de silencio, amnesia y amnist\u00eda.<br \/>\nLa memoria de reparaci\u00f3n y los debates actuales.<\/p>\n<p><strong>Observaciones finales<\/strong><br \/>\nUnas conclusiones acad\u00e9micas: la memoria y el pasado presente.<br \/>\nUna reflexi\u00f3n pol\u00edtica: las verdades de Agamen\u00f3n y las dudas del porquero.<\/p>\n<p><strong>Bibliograf\u00eda<\/strong><\/p>\n","protected":false},"excerpt":{"rendered":"<p><strong>Francisco Erice Sebares<\/strong> es profesor de historia contempor\u00e1nea en la Universidad de Oviedo, donde ha formado parte del Grupo de Historia Sociocultural Contempor\u00e1nea, y es colaborador de la secci\u00f3n de Historia de la Fundaci\u00f3n de Investigaciones Marxistas (FIM). Su labor investigadora se centr\u00f3 inicialmente en la historia social de Asturias y de Espa\u00f1a en general en los siglos XIX y XX (desarrollo capitalista y formaci\u00f3n de la burgues\u00eda, emigraci\u00f3n, conflictividad y reformismo social, etc.), habiendo publicado, entre otros trabajos, <em>Propietarios, comerciantes e industriales. Burgues\u00eda y desarrollo capitalista en la Asturias del siglo XIX<\/em> (Oviedo, Ediuno, 1995). En los \u00faltimos a\u00f1os sus investigaciones han ido proyect\u00e1ndose hacia distintas facetas de la historia del comunismo y el republicanismo en la Espa\u00f1a contempor\u00e1nea, siendo coautor del libro colectivo <em>Nosotros los comunistas. Memoria, identidad e historia social<\/em> (Salamanca, FIM, 2009). Ha publicado diversos trabajos en torno al concepto de memoria colectiva y sus m\u00faltiples derivaciones; tem\u00e1tica que ahora se ampl\u00eda, profundiza y sistematiza en este libro.<\/p>\n","protected":false},"featured_media":756,"template":"","meta":[],"product_brand":[],"product_cat":[21],"product_tag":[54,55],"class_list":{"0":"post-957","1":"product","2":"type-product","3":"status-publish","4":"has-post-thumbnail","6":"product_cat-libros","7":"product_tag-memoria-colectiva","8":"product_tag-memoria-historica","10":"first","11":"outofstock","12":"taxable","13":"shipping-taxable","14":"purchasable","15":"product-type-simple"},"jetpack_sharing_enabled":true,"_links":{"self":[{"href":"https:\/\/www.eikasia.es\/index.php\/wp-json\/wp\/v2\/product\/957","targetHints":{"allow":["GET"]}}],"collection":[{"href":"https:\/\/www.eikasia.es\/index.php\/wp-json\/wp\/v2\/product"}],"about":[{"href":"https:\/\/www.eikasia.es\/index.php\/wp-json\/wp\/v2\/types\/product"}],"wp:featuredmedia":[{"embeddable":true,"href":"https:\/\/www.eikasia.es\/index.php\/wp-json\/wp\/v2\/media\/756"}],"wp:attachment":[{"href":"https:\/\/www.eikasia.es\/index.php\/wp-json\/wp\/v2\/media?parent=957"}],"wp:term":[{"taxonomy":"product_brand","embeddable":true,"href":"https:\/\/www.eikasia.es\/index.php\/wp-json\/wp\/v2\/product_brand?post=957"},{"taxonomy":"product_cat","embeddable":true,"href":"https:\/\/www.eikasia.es\/index.php\/wp-json\/wp\/v2\/product_cat?post=957"},{"taxonomy":"product_tag","embeddable":true,"href":"https:\/\/www.eikasia.es\/index.php\/wp-json\/wp\/v2\/product_tag?post=957"}],"curies":[{"name":"wp","href":"https:\/\/api.w.org\/{rel}","templated":true}]}}