{"id":3136,"date":"2025-06-04T13:58:54","date_gmt":"2025-06-04T11:58:54","guid":{"rendered":"https:\/\/www.eikasia.es\/internacional\/?post_type=product&#038;p=3136"},"modified":"2025-06-04T13:58:54","modified_gmt":"2025-06-04T11:58:54","slug":"el-nacimiento-de-hera-los-origenes-de-la-filosofia-en-el-mito-y-los-presocraticos","status":"publish","type":"product","link":"https:\/\/www.eikasia.es\/internacional\/producto\/el-nacimiento-de-hera-los-origenes-de-la-filosofia-en-el-mito-y-los-presocraticos\/","title":{"rendered":"El nacimiento de Hera. Los or\u00edgenes de la Filosof\u00eda  en el mito y los presocr\u00e1ticos."},"content":{"rendered":"<h4>Rom\u00e1n Garc\u00eda Fern\u00e1ndez<\/h4>\n<h1>El nacimiento de Hera<\/h1>\n<p style=\"font-weight: 400;\">Los or\u00edgenes de la Filosof\u00eda\u00a0en el mito y los presocr\u00e1ticos<\/p>\n<p style=\"font-weight: 400;\">ISBN: 978-84-15203-10-0. Oviedo 2011.<\/p>\n<p>&nbsp;<\/p>\n<p>Primer volumen de una tetralog\u00eda sobre la Filosof\u00eda antigua, periodo que el autor delimita cr\u00edticamente desde sus or\u00edgenes al a\u00f1o 529 en que Justiniano cierra las escuelas de filosof\u00eda. Este primer volumen cuenta con una parte introductoria sobre cuestiones como \u00bfque es filosof\u00eda? o de metodolog\u00eda en Historia de la filosof\u00eda. Desde planteamientos cr\u00edticos con las concepciones doxogr\u00e1ficas o filol\u00f3gicas el autor mantiene una estricta fidelidad con las fuentes. La Historia de la filosof\u00eda aqu\u00ed emprendida se desmarca de las distintas falsificaciones que por singularidades hist\u00f3ricas o intencionalidades pol\u00edtico-ideol\u00f3gicas has ido distorsionando las teor\u00edas presocr\u00e1ticas, incluso forzando datos hist\u00f3ricos y documentos, como es el Democrito que no puede ser considerado un presocratico.<\/p>\n<p>&nbsp;<\/p>\n<p style=\"font-weight: 400;\">\u00cdndice Vol\u00famen I: El nacimiento de Era<\/p>\n<p>El \u00e1mbito de una Historia de la Filosof\u00eda<\/p>\n<p>Los inicios de la filosof\u00eda antigua. Relaci\u00f3n mito, logos y sociedad<\/p>\n<p>La filosof\u00eda presocr\u00e1tica. Mito, filosof\u00eda y ciencia.<\/p>\n<p>El pluralismo. La Filosof\u00eda en su despliegue<\/p>\n<p>Fuentes<\/p>\n<p>Gu\u00eda bibliogr\u00e1fica<\/p>\n","protected":false},"excerpt":{"rendered":"<p>Rom\u00e1n Garc\u00eda Fern\u00e1ndez El nacimiento de Hera Los or\u00edgenes de la Filosof\u00eda\u00a0en el mito y los presocr\u00e1ticos ISBN: 978-84-15203-10-0. Oviedo 2011. &nbsp; Primer volumen de una tetralog\u00eda sobre la Filosof\u00eda antigua, periodo que el autor delimita cr\u00edticamente desde sus or\u00edgenes al a\u00f1o 529 en que Justiniano cierra las escuelas de filosof\u00eda. Este primer volumen cuenta [&hellip;]<\/p>\n","protected":false},"featured_media":3132,"template":"","meta":[],"product_brand":[],"product_cat":[21],"product_tag":[],"class_list":{"0":"post-3136","1":"product","2":"type-product","3":"status-publish","4":"has-post-thumbnail","6":"product_cat-libros","8":"first","9":"instock","10":"downloadable","11":"taxable","12":"shipping-taxable","13":"purchasable","14":"product-type-simple"},"jetpack_sharing_enabled":true,"_links":{"self":[{"href":"https:\/\/www.eikasia.es\/internacional\/wp-json\/wp\/v2\/product\/3136","targetHints":{"allow":["GET"]}}],"collection":[{"href":"https:\/\/www.eikasia.es\/internacional\/wp-json\/wp\/v2\/product"}],"about":[{"href":"https:\/\/www.eikasia.es\/internacional\/wp-json\/wp\/v2\/types\/product"}],"wp:featuredmedia":[{"embeddable":true,"href":"https:\/\/www.eikasia.es\/internacional\/wp-json\/wp\/v2\/media\/3132"}],"wp:attachment":[{"href":"https:\/\/www.eikasia.es\/internacional\/wp-json\/wp\/v2\/media?parent=3136"}],"wp:term":[{"taxonomy":"product_brand","embeddable":true,"href":"https:\/\/www.eikasia.es\/internacional\/wp-json\/wp\/v2\/product_brand?post=3136"},{"taxonomy":"product_cat","embeddable":true,"href":"https:\/\/www.eikasia.es\/internacional\/wp-json\/wp\/v2\/product_cat?post=3136"},{"taxonomy":"product_tag","embeddable":true,"href":"https:\/\/www.eikasia.es\/internacional\/wp-json\/wp\/v2\/product_tag?post=3136"}],"curies":[{"name":"wp","href":"https:\/\/api.w.org\/{rel}","templated":true}]}}